llions digit of 54773900?
4
What is the tens digit of 1461864409?
0
What is the ten millions digit of 3213535382?
1
What is the ten millions digit of 362476613?
6
What is the hundred millions digit of 2860138361?
8
What is the ten millions digit of 33844040?
3
What is the millions digit of 474769520?
4
What is the hundred thousands digit of 199652500?
6
What is the hundreds digit of 7014988550?
5
What is the millions digit of 430821719?
0
What is the ten millions digit of 65991615?
6
What is the tens digit of 91466711?
1
What is the ten thousands digit of 195049558?
4
What is the ten thousands digit of 1034245779?
4
What is the ten thousands digit of 24529848?
2
What is the ten millions digit of 395989824?
9
What is the ten thousands digit of 6829655176?
5
What is the ten millions digit of 172525395?
7
What is the ten thousands digit of 71910814?
1
What is the hundred thousands digit of 1418321173?
3
What is the units digit of 291188053?
3
What is the ten thousands digit of 675294193?
9
What is the thousands digit of 3315220584?
0
What is the hundreds digit of 2924294523?
5
What is the hundred thousands digit of 206272353?
2
What is the tens digit of 390795340?
4
What is the units digit of 17328032?
2
What is the hundred thousands digit of 1599291?
5
What is the thousands digit of 1110299?
0
What is the ten millions digit of 53421022?
5
What is the units digit of 42239809?
9
What is the thousands digit of 1858802460?
2
What is the ten millions digit of 129270463?
2
What is the ten millions digit of 1675727175?
7
What is the millions digit of 51326780?
1
What is the thousands digit of 106518698?
8
What is the ten thousands digit of 65907964?
0
What is the hundred millions digit of 172226709?
1
What is the millions digit of 48531525?
8
What is the ten thousands digit of 1932271715?
7
What is the ten millions digit of 1026499808?
2
What is the ten thousands digit of 1008072390?
7
What is the thousands digit of 54086590?
6
What is the thousands digit of 5241559136?
9
What is the ten millions digit of 459917688?
5
What is the ten millions digit of 107536840?
0
What is the ten millions digit of 206881003?
0
What is the units digit of 211925204?
4
What is the ten thousands digit of 73755333?
5
What is the tens digit of 25523934?
3
What is the hundred thousands digit of 42800116?
8
What is the hundreds digit of 633233758?
7
What is the units digit of 16014785?
5
What is the ten thousands digit of 33408616?
0
What is the ten thousands digit of 378887825?
8
What is the ten thousands digit of 149193842?
9
What is the hundreds digit of 71399783?
7
What is the hundred millions digit of 252197711?
2
What is the hundreds digit of 1804131027?
0
What is the ten millions digit of 1572897353?
7
What is the thousands digit of 90224435?
4
What is the tens digit of 127421005?
0
What is the millions digit of 1205988204?
5
What is the ten millions digit of 22535467?
2
What is the hundred thousands digit of 1333315225?
3
What is the hundred thousands digit of 147562514?
5
What is the tens digit of 457875598?
9
What is the units digit of 464715340?
0
What is the hundreds digit of 3500082932?
9
What is the ten thousands digit of 1548373895?
7
What is the tens digit of 268815541?
4
What is the hundred millions digit of 194381084?
1
What is the hundred thousands digit of 66251121?
2
What is the hundred thousands digit of 149952099?
9
What is the ten thousands digit of 209669112?
6
What is the hundred thousands digit of 290192750?
1
What is the hundred thousands digit of 192221607?
2
What is the hundred thousands digit of 2094229465?
2
What is the ten thousands digit of 92171505?
7
What is the hundreds digit of 3368576078?
0
What is the hundred thousands digit of 125890318?
8
What is the hundred thousands digit of 2301652329?
6
What is the tens digit of 18563727?
2
What is the ten thousands digit of 2489519450?
1
What is the millions digit of 705893721?
5
What is the thousands digit of 60846322?
6
What is the tens digit of 2389579056?
5
What is the hundred thousands digit of 128855105?
8
What is the ten millions digit of 1225174861?
2
What is the tens digit of 104928879?
7
What is the ten thousands digit of 3817317961?
1
What is the ten thousands digit of 656069008?
6
What is the thousands digit of 2549552681?
2
What is the tens digit of 52563906?
0
What is the millions digit of 1447413118?
7
What is the thousands digit of 1397020295?
0
What is the thousands digit of 205839256?
9
What is the millions digit of 2781708533?
1
What is the ten millions digit of 1674825980?
7
What is the thousands digit of 52994940?
4
What is the millions digit of 22862546?
2
What is the hundred thousands digit of 305312658?
3
What is the hundred millions digit of 583482904?
5
What is the ten thousands digit of 55871593?
7
What is the ten thousands digit of 470867074?
6
What is the hundred thousands digit of 55748023?
7
What is the hundred thousands digit of 99712800?
7
What is the hundreds digit of 6374563?
5
What is the hundred thousands digit of 9100354?
1
What is the millions digit of 258021049?
8
What is the units digit of 76572163?
3
What is the tens digit of 2848514368?
6
What is the millions digit of 128247608?
8
What is the millions digit of 1653297654?
3
What is the millions digit of 324250860?
4
What is the thousands digit of 668830498?
0
What is the millions digit of 32827736?
2
What is the units digit of 121824195?
5
What is the millions digit of 61897602?
1
What is the ten millions digit of 412783369?
1
What is the thousands digit of 342858032?
8
What is the ten thousands digit of 459068749?
6
What is the hundred thousands digit of 562787874?
7
What is the hundred millions digit of 123498932?
1
What is the ten millions digit of 3552276887?
5
What is the hundred thousands digit of 3414263172?
2
What is the hundreds digit of 1873497054?
0
What is the hundred thousands digit of 213865243?
8
What is the millions digit of 641401609?
1
What is the millions digit of 423382321?
3
What is the units digit of 179581933?
3
What is the ten millions digit of 39130404?
3
What is the thousands digit of 710200645?
0
What is the thousands digit of 491605210?
5
What is the hundred thousands digit of 903011712?
0
What is the millions digit of 122344782?
2
What is the units digit of 5532663253?
3
What is the tens digit of 8761310282?
8
What is the hundred millions digit of 3821008537?
8
What is the hundreds digit of 141155905?
9
What is the hundreds digit of 2082540940?
9
What is the units digit of 3523356253?
3
What is the ten thousands digit of 271649594?
4
What is the hundreds digit of 1836565377?
3
What is the ten millions digit of 495040550?
9
What is the hundreds digit of 2012399180?
1
What is the hundred thousands digit of 2462624417?
6
What is the millions digit of 1066018474?
6
What is the tens digit of 2729349?
4
What is the ten millions digit of 25680654?
2
What is the thousands digit of 493938589?
8
What is the hundred millions digit of 2206343026?
2
What is the tens digit of 10318270?
7
What is the millions digit of 559905615?
9
What is the billions digit of 4447010488?
4
What is the hundred thousands digit of 5960712289?
7
What is the ten thousands digit of 1086564198?
6
What is the units digit of 3793510148?
8
What is the thousands digit of 89583346?
3
What is the hundreds digit of 58511684?
6
What is the ten thousands digit of 800591667?
9
What is the ten thousands digit of 751029630?
2
What is the hundred thousands digit of 46207543?
2
What is the hundreds digit of 279114794?
7
What is the hundred thousands digit of 399464263?
4
What is the ten millions digit of 112135055?
1
What is the units digit of 61389458?
8
What is the millions digit of 17052449?
7
What is the ten thousands digit of 129844959?
4
What is the ten thousands digit of 6287313524?
1
What is the units digit of 197801530?
0
What is the ten thousands digit of 120864650?
6
What is the units digit of 37453351?
1
What is the thousands digit of 910633785?
3
What is the hundred millions digit of 203263386?
2
What is the ten thousands digit of 139049178?
4
What is the tens digit of 69595259?
5
What is the billions digit of 1529697537?
1
What is the thousands digit of 1309271713?
1
What is the millions digit of 37915610?
7
